ne m(11).
7
Let j be (4/(-10))/(1/(-5)). Suppose -j*u + 8 = 0, 2*y - y + u = 26. Let i be (-384)/66 + (-4)/y. Let z(w) = w**3 + 5*w**2 - 7*w - 5. Give z(i).
1
Let l(t) = -4*t**2 - 128*t**3 + 2*t + 61*t**3 + t**2 - t + 66*t**3. Suppose 4*u = -0*u - 16. Calculate l(u).
12
Suppose -6*u + 22 = -4*u. Let m(x) = 9*x + x**3 + u*x - 4*x**2 - 18*x. What is m(3)?
-3
Let x(z) be the second derivative of -81 + z + 1/12*z**4 - 1/6*z**3 + 1/2*z**2 + 3/10*z**5. Let v(y) = -y**3 - 5*y**2 + 7*y + 7. Let p be v(-6). What is x(p)?
7
Let f(a) = -5*a**2 - 1. Suppose -27 = -5*l - 7. Suppose 27*r + 2*t + 48 = 29*r, 5*r - 120 = -2*t. Suppose l*b - g + r = -5*g, -8 = -2*b + 2*g. Calculate f(b).
-6
Suppose 0 = -3*s + 4*s - 4, -5*m = -3*s + 82. Let y(r) = 2*r**2 + 32*r + 13. Calculate y(m).
-43
Let d(g) = 3*g - 2. Let r(b) = 5*b**2 - 24*b - 3. Let t be r(5). Suppose -4*k = -3*m - 3*k + 6, t*m - 2*k = 0. Give d(m).
7
Let b = -9775 - -9794. Let c(p) = -2*p**2 + 39*p - 2. What is c(b)?
17
Let b(g) = g - 2. Let s = 58 + -40. Suppose 4*p + n = -s, 16 = -5*p - 2*n + 4*n. Give b(p).
-6
Let p(u) = -107*u**2 + 4 + 224*u**2 + 2*u - 105*u**2. Calculate p(-2).
48
Let h(u) = -8*u - 137. Let j be h(-18). Suppose j*k = -70 + 35. Let y(l) = l + 6. Determine y(k).
1
Let p(r) = 46 - 33 - 10 - r - 9 - 3 + 3*r. Let i be 22/6 + 3/9. Give p(i).
-1
Let q(x) = 9*x + 112. Let l(b) = 2. Let g(w) = -l(w) + q(w). Determine g(-13).
-7
Let o = 145 + -143. Let z(c) = -7*c**3 + o - 3*c**2 + 2*c**2 - 1. Determine z(-1).
7
Let m(r) be the second derivative of -r**5/20 + r**4/4 + 5*r**3/6 + 6*r**2 - 9*r - 289. Give m(4).
16
Let z(x) = 4*x**3 - 4*x**3 + 34 - 5*x**2 - 2*x - 71 + 30 + x**3. Give z(4).
-31
Let z(h) = 9*h**2 + 99*h - 1. Let n be (11/8)/(117/(-936)). Determine z(n).
-1
Let p(q) = 3*q**2 + q**3 + 65 - 28 - 39 - 7*q**2. Let d be p(4). Let m(x) = -11*x**2 - 2*x. Determine m(d).
-40
Let s(l) = 7*l**2 + 11*l + 7. Let v(k) = k**2 + k. Let i(m) = -s(m) + 6*v(m). Suppose 8*p - 10*p = -f + 8, 0 = 5*p - 4*f + 20. Calculate i(p).
-3
Suppose -13 = -t + 5*j, 25 - 4 = 5*t - 3*j. Let s(o) = 5 - 4*o**2 - 7*o**t - 3*o + 8*o**3 - 17. Let w be s(5). Let l(i) = 4*i**2 - 3*i - 2. Determine l(w).
20
Let d(x) = 2*x**3 - 2*x**2 - 1. Let n be (0 - 0) + 0 + (-14)/(-1). Suppose -n = -3*k + 16. Suppose k = o + 4*o. What is d(o)?
7
Let m(b) = -b**2 + 5*b + 40. Let a be m(9). Let z(j) = 11*j - 998*j**2 - a + 997*j**2 + 1. Calculate z(11).
-3
Let j(b) = -27*b + 274. Let q be j(10). Let r(c) = -c**2 + 3*c**2 + 3*c**2 - 5 - 2*c**3 + c**3. Give r(q).
11
Suppose -v - 15 = 3*z, 4*z + 15 = -4*v + 3. Let r be (24/(-16))/(z/16). Let t(h) = h**2 + 10 - 5 + r*h**2 - 2*h + 0 + h**3. Determine t(-5).
15
Let b be (-15)/2*(-8)/10. Let t(h) = 1519*h + 3. Let u(s) = -701*s - 2. Let v(d) = 6*t(d) + 13*u(d). Calculate v(b).
-2
Suppose 0 = -4*u + 2*p + 24, u - 4*p - 20 = -0*p. Let l(i) = -2*i + 621. Let f(z) = -4*z + 1117. Let c(q) = -5*f(q) + 9*l(q). Calculate c(u).
12
Let i(f) be the second derivative of 0 - 1/6*f**4 + 5*f - 2/3*f**3 + 1/2*f**2. Let u be i(-3). Let p(j) = 2*j - 1. What is p(u)?
-11
Suppose -3*t - 2*b = -0*t - 30, 0 = -5*t - 2*b + 46. Suppose h - 54 = -8*h. Suppose 10*m = t*m + h. Let f(p) = -p**2 + 4*p + 1. Give f(m).
4
Suppose 5*c = z - 2*z - 44, 4*c = 3*z - 39. Let r(h) = 2*h**3 - h**2 + h - 9. Let f(b) = 15*b**3 + 3*b**2 + 14*b - 71. Let u(v) = f(v) - 7*r(v). Determine u(c).
10
Let v(r) = 47873*r**2 + r**3 - 47873*r**2 - 7. Calculate v(-4).
-71
Let h(w) = -3*w + 10. Let x = 126 - 126. Suppose x = 3*p - 9 - 18. Determine h(p).
-17
Let m = -113 - -65. Let n = -43 - m. Let t(b) = 2 - n*b + 2*b + 7 - 2. What is t(5)?
-8
Let b(i) = -65*i - 346. Let r be b(-18). Let c = r + -826. Let m(j) be the third derivative of -j**6/40 - j**5/60 + j**4/8 + j**3/6 + j**2. What is m(c)?
15
Let l(w) = 3*w**3 - 74*w**2 - 9*w + 39. Let c(t) = -12*t**3 + 296*t**2 + 33*t - 155. Let y(n) = -6*c(n) - 25*l(n). What is y(25)?
5
Suppose -81*q - 5 = -100*q + 71. Let l(x) = x + 9. Determine l(q).
13
Let k be -3*(24/18 + -2). Let h(l) = 10*l + k + l**3 - 2 + 4 - 10*l**2. Give h(9).
13
Let o = 359 + -365. Let h(g) = g**3 + 3*g**2 - 22*g - 24. Determine h(o).
0
Suppose -a + 5*a - 77 = -c, -4*c = -5*a + 70. Suppose 3*o - 4*p - 106 = 0, 6*o - 11*o + 180 = -5*p. Let f(q) = -18*q - 10 + o*q - a*q. Determine f(9).
8
Let z(r) = 3. Let b = 36 - 37. Let p(u) = u. Let o(k) = b*z(k) + 3*p(k). Suppose -5*y = -s - 21, -6*y + 7*y = 5. Determine o(s).
9
Let o = -535 - -622. Let n(s) = 43 + 3*s - o - s + 46. Calculate n(-3).
-4
Let z(x) = x**3 - 29*x**2 + 212*x - 28. Let y be z(15). Let f(c) be the first derivative of c + 12 - 1/2*c**y. Calculate f(-3).
4
Let m be ((-25)/6)/(-5)*(-5)/((-275)/22). Let a(l) be the third derivative of 0 + 1/8*l**4 + 0*l - m*l**3 - 12*l**2. Calculate a(-6).
-20
Suppose 0 = -2*h - 0*c - 2*c - 70, c + 171 = -5*h. Let d = -29 - h. Let w(m) = -1 - 4*m + d*m + 68*m**2 - 69*m**2. Give w(3).
-7
Let g = 11 + -8. Let m be (((-5)/g)/5)/((-1)/6). Suppose 23 = -5*y + 3*n, m*y + 4 = -4*n - 0. Let u(s) = s**3 + 5*s**2 + 3*s - 1. Give u(y).
3
Let i(b) = 4*b**2 + 53*b - 47. Suppose 4 = 5*h - 21, -2*h = 5*o + 60. What is i(o)?
-5
Let g(i) be the first derivative of i**3/3 - 6*i**2 - 32*i + 4888. What is g(-4)?
32
Suppose -28 = -4*g - 0. Let n = -376 - -1347. Let w(q) = -n + 1942 - q - 968. Calculate w(g).
-4
Let h(j) be the second derivative of -3*j**3/2 + 15*j**2 + 28*j - 37. Calculate h(0).
30
Let k(d) = 9*d - 4. Let p(a) = a**2 - 46*a + 29. Let o(l) = -4*k(l) - p(l). What is o(5)?
12
Let i(s) = s**3 + 3*s**2 - 111*s + 291. Let q be i(3). Let y(k) = 8*k - 9. What is y(q)?
87
Let k = 12990 - 13011. Let n(a) = -a**2 - 18*a + 45. Give n(k).
-18
Let w(v) = 2*v**2 - 11*v + 20. Let n = -13182 + 13189. Calculate w(n).
41
Let k(i) = 2 - 47 + 4*i**2 - 3*i**2 + 49 + 10*i + 27. What is k(-6)?
7
Let w = -342 - -346. Suppose 2*c - 3*a = -1, -5*a + w = -3*c + 3. Let z(u) = 8*u. What is z(c)?
-16
Let p(j) = -2*j**2 + 11*j - 6. Suppose l - 3 = -r + 2*l, -3 = 2*r + l. Let g be p(r). Let b(k) = -k**3 - 7*k**2 - 5*k + 2. Determine b(g).
-4
Let n(v) = 156*v + 448. Let i(l) = 70*l + 199. Let f(u) = -20*i(u) + 9*n(u). Calculate f(-3).
40
Let c(w) be the first derivative of w**4/12 - w**3/2 - w**2/2 - 10*w - 5. Let d(b) be the first derivative of c(b). Let z be 3/21 + 40/14 + 0. Determine d(z).
-1
Let i(c) = -23*c**3 - c**2 - 5*c - 5. Let n(z) = -3*z**3 - z**2 - z - 1. Let q(x) = -i(x) + 4*n(x). Calculate q(2).
79
Let t(c) be the second derivative of -33 + 1/6*c**3 - 2*c**2 - c. Calculate t(0).
-4
Let a(i) = 23*i + 89*i - 4 + 0 - 111*i. Suppose -4*q = 5*s - 15, 0*q = 2*s + q - 6. Calculate a(s).
-1
Suppose -2*p = -2*n - n + 1, n + 17 = 5*p. Let k(z) = -118 + 0*z + 117 - z**n + z - 2*z**2. Give k(-3).
5
Suppose 18*j - 1110 + 912 = 0. Let b(r) = r**2 - 8*r - 24. Determine b(j).
9
Let u(a) = a**2 + 13*a + 11. Let k = -986 + 977. Determine u(k).
-25
Suppose -74 = 5*x - 2*m - 2*m, -2*x - 30 = -2*m. Let g be 7/(x/12) - -2. Let j(h) = 8*h - 718. Let s(v) = -3*v + 261. Let i(a) = 4*j(a) + 11*s(a). What is i(g)?
3
Let s = 146 - 152. Let f = 33 + -39. Let l(b) = -7*b**2 - 6*b - 3. Let q(i) = -i**2. Let u(m) = f*q(m) + l(m). Give u(s).
-3
Let p(x) = 333*x**2 - 6977*x - 335*x**2 + 6997*x + 197. What is p(-6)?
5
Let j(u) = 142*u - 83. Let l(n) = 73*n - 45. Let r(k) = 6*j(k) - 11*l(k). Give r(0).
-3
Let r(a) = 17*a**3 - 6*a + 16. Let x be r(2). Let l = x - 141. Let h(w) = -w**2 - 2*w. Determine h(l).
1
Let t(k) be the third derivative of k**5/60 - k**4/3 + 4*k**3/3 + 6283*k**2. Let s = 3 + 4. Give t(s).
1
Let j = 3 - 3. Let x(s) = j*s - s - s. Let w = -25366 - -25364. Give x(w).
4
Let p(x) = -5 + x + 4*x**3 + 0 - 3*x**3 + 1 - 17*x**2. Let s be p(17). Let t(v) = 8*v + 1 - s*v + 9*v. Determine t(-1).
-3
Let f(z) be the second derivative of 43*z + 0 - 7/2*z**2 + 2/3*z**3. Let b(u) = 7*u**3 - 1. Let i be b(1). Determine f(i).
17
Let f(r) = r**2 - 5. Let u(b) = -2*b**2 + 49*b - 6. Let g(k) = 4*f(k) + u(k). What is g(-25)?
-1
Let o(t) = -t**3 - 15*t**2 + 21*t + 18. Suppose -17992 = 4*h - 17928. What is o(h)?
-62
Let c(m) be the first derivative of m**4/4 + 2*m**3 + 5*m**2/2 - 11*m + 8741. Give c(-6).
-41
Let z = 179 - 128. Let o(b) = -b**3 - 43*b**2 - z*b**2 + 99*b**2 + b. Determine o(5).
5
L